 Let m(t) = -t - 7. Let s be m(-8). Let r be ((-4)/4 + s)*-1. Suppose r*c = -2*g + 5*c - 13, -3*c + 9 = 0. Calculate a(g).
-4
Let g(z) = -2*z + 6. Let s be (-1*2)/(4/32*-4). Suppose -s*r = -v - 19, -5 - 12 = -3*r - 2*v. Calculate g(r).
-4
Let u(k) be the third derivative of -k**4/12 + 8*k**3/3 + 6*k**2 + 34*k. Give u(9).
-2
Let j(g) = g**3 + 2*g**2 - 3*g - 2. Let s be j(-3). Let x be (s - -1)/(2/30). Let q = x - -15. Let i(p) = -p**3 - p**2 - p - 8. What is i(q)?
-8
Let h be (1/(-2) - 0)/((-5)/(-120)). Let y(k) = -k**3 + 3*k**2 + 7*k + 1. Let f be y(5). Let m = f - h. Let g(r) = r**3 + 4*r**2 - 2*r - 1. Calculate g(m).
11
Let m = 5 + -5. Suppose -4*r - 11 = 3*h, 6*r - 4*r + 4*h + 8 = m. Let i(d) = d**2 + d. Give i(r).
2
Suppose -7*n = -5*n - 50. Let a(c) = 7*c**2 + 2*c + 3. Let o be a(-2). Let l = n - o. Let d(p) = -p**3 + p**2 + 3*p + 3. What is d(l)?
9
Let i(q) = -2*q - 3. Let g be i(-4). Let o = g + -3. Let k(w) = 3*w + 0*w - o*w. Calculate k(0).
0
Suppose 49 = 8*i + 121. Let f(s) = s**2 + 9*s - 12. Give f(i).
-12
Suppose 8*v - 595 = -9*v. Let k be ((-10)/14 - -1) + (-605)/v. Let g(s) = -s**3 - 18*s**2 - 16*s + 12. Give g(k).
-5
Let m(q) = q**2 - 7*q - 7. Suppose 0 = -i + 2*i - u - 4, 3*u + 6 = 2*i. What is m(i)?
-13
Let w(y) = 5*y + 2. Let r(f) = 6*f**2 - 97*f + 17. Let n be r(16). Calculate w(n).
7
Let q(l) = 23*l + 6. Let p(m) = 6*m + 1. Let s(k) = 4*p(k) - q(k). Calculate s(11).
9
Suppose 0 = -3*p + 2*k - 10 - 8, -2*k = 3*p + 30. Let l(a) = a**2 + 7*a + 7. Determine l(p).
15
Let d be 96/10 - (102/(-30) + 3). Let r(g) = -g**2 + 8*g + 10. What is r(d)?
-10
Let b(w) = 0*w - w**2 - 27 - 7*w + 28. Calculate b(-7).
1
Let x(d) be the second derivative of d**5/20 - 4*d**4/3 - d**3/6 + 8*d**2 - 14*d. Calculate x(16).
0
Let n(g) = g**2 - 5*g - 3. Let r = 3 + 1. Suppose -k - 2*k + r*a + 31 = 0, -5*k - 2*a = -43. Let q be ((-15)/k)/((-6)/18). Give n(q).
-3
Let g(u) = 16*u + 4. Let w(t) = -t**2 + 16*t + 54. Let s be w(-3). Calculate g(s).
-44
Let t(f) be the second derivative of 2 - 7/6*f**3 - 1/12*f**4 + f**2 - 33*f. Suppose 6*b = 2*b + k - 22, k + 14 = -2*b. Determine t(b).
8
Let a(r) be the first derivative of r**3/3 + 11*r**2/2 + 16*r + 251. Calculate a(-6).
-14
Let o(t) be the first derivative of 4 - 1/2*t**3 + 0*t + 1/12*t**4 - 3*t**2. Let y(b) be the second derivative of o(b). What is y(6)?
9
Let m be 0/3*6/48. Let a(n) = -n**3 - n**2 - n - 70. Give a(m).
-70
Let u(k) = k**3 - 2*k**2 - 4*k + 4. Let o(j) = -4*j**2 - 80*j + 3. Let s be o(-20). Give u(s).
1
Let f(j) = -2*j - 1. Let r(o) = -o - 6. Let q(i) = f(i) - r(i). Calculate q(0).
5
Suppose -7*d - 314 = -356. Let o(l) be the second derivative of l**3/6 - 7*l**2/2 - l. Give o(d).
-1
Let w(t) = -t**3 - 3*t**2 - 2*t - 3. Suppose 4*a - 30 = -4*z + 6*z, 2*a = -2*z. Calculate w(z).
57
Suppose 6 = j - 8. Let x be (-4)/j - 120/(-28). Let h(i) = i**2 - 3*i + 1. What is h(x)?
5
Suppose 3*d - 23 = -5*q, 2*d + 3 = -2*q + 17. Let t(z) be the first derivative of z**4/4 - 2*z**3 + 3*z**2/2 - 7*z + 91. Determine t(d).
11
Let a(i) = 2*i + i + 11 + 4*i - 6*i + 3. What is a(-8)?
6
Let q(z) = -2*z**2 + 3*z + 0*z**2 + 2 - 4. Let u be (-125)/10*8/5. Let g be 4/u - (-32)/10. What is q(g)?
-11
Let c(s) = -10*s**2 - s - 196 + 197 - 13*s**2 - 3*s**2. Give c(1).
-26
Let i(f) be the first derivative of -f**4/4 + f**3/3 + 356*f + 12. Let y be i(0). Let h(t) = -4*t + 355*t**2 - y*t**2 - 3 - 4*t. Determine h(-7).
4
Let b(n) = -10*n + 24. Let o(f) = 41*f - 96. Let r(h) = -9*b(h) - 2*o(h). Let a be r(7). Suppose -23 + a = 3*k. Let j(p) = p**3 - 2*p**2 - 4*p + 1. Give j(k).
-2
Let d(p) = 2*p - 1. Let g(r) = -2*r + 2. Suppose v - 2*v = -2*b - 6, 0 = 3*b - 5*v - 5. Let u(y) = b*d(y) - 6*g(y). Let x be 13 + -8 - (-2 + 0). Calculate u(x).
7
Suppose -21*c + 15*c + 36 = 0. Let l(y) = y**3 - 5*y**2 - 8*y + 5. Determine l(c).
-7
Let d be (-18)/(-8) - (-2)/(-8). Let t(p) = -9*p - p**d + 4 - 2 + 8*p - 3. Let y(a) = -2*a**2 - 8*a - 3. Let q(o) = t(o) - y(o). Calculate q(-6).
-4
Suppose -2*r = 10, -2*o + 2*r = o - 25. Let h(w) = -6*w - o*w - 1 + 5*w. Calculate h(-1).
5
Suppose 2*p + 15 = 5*n - 1, -3*p = -n - 2. Let u(o) be the second derivative of 0*o**3 - 1/20*o**5 + o + 0 + 1/4*o**4 + p*o**2. Calculate u(3).
4
Let p(s) = 174 + 0*s**3 + 8*s - 183 + 10*s**2 + 3*s**3 - 2*s**3. Give p(-9).
0
Let w(b) = b**3 - 8*b**2 - 4*b - 1. Let q(t) = 3*t**3 - 17*t**2 - 9*t - 1. Let g(u) = 2*q(u) - 5*w(u). Give g(-5).
18
Let p(b) be the second derivative of b**4/12 - 2*b**3/3 - b + 184. Give p(3).
-3
Let x(b) be the first derivative of b**4/2 - b**3 - 75. Suppose 4*s + 3*y + 26 = 2*y, 0 = y - 2. Let g = -5 - s. What is x(g)?
4
Let x(j) = -j**3 - 2*j**2 - j. Let n = -29 - -19. Let a = 8 + n. What is x(a)?
2
Let b(t) be the first derivative of t**4/4 + t**3/3 - t**2/2 - 3*t + 333. Determine b(0).
-3
Let r(h) = -h**3 - 20*h**2 - 19*h - 5. Let z be r(-19). Let p(q) = q**3 + 6*q**2 + 4*q - 3. Determine p(z).
2
Let m = 832 + -834. Let h(a) = 3*a + 3. What is h(m)?
-3
Let o(w) = -7*w - 15. Let a be (24/(-56))/((20/35)/4). Give o(a).
6
Let a(w) = 1 - 13*w - 2 + 2*w. Let x be -2*(-3 + -1 + (-144)/(-32)). What is a(x)?
10
Let s = -9 + 11. Let y be 1*(-5)/s*2. Let d(l) = -3*l**2 + 8*l + 7. Let m(k) = 4*k**2 - 8*k - 8. Let g(x) = 5*d(x) + 4*m(x). Give g(y).
-12
Let f(k) = -8*k**3 + k**2 + k. Let p = -674 - -673. Calculate f(p).
8
Let t(u) be the second derivative of 3/2*u**2 + 1/12*u**4 - 10*u + 7/6*u**3 + 0. Calculate t(-6).
-3
Suppose -o + 6*o - 10 = 0. Let v(q) be the first derivative of -2*q**2 + 3*q**2 - o + 2*q - 9 + 3. Give v(-6).
-10
Let h(i) = -6*i - 3. Let u(l) = 7*l + 4. Let m(w) = 3*h(w) + 2*u(w). Suppose -4*n + 27 + 21 = 0. Let f = n - 10. Determine m(f).
-9
Suppose 19 = -3*n - 5. Let m(b) = 244 - 715*b**3 + 714*b**3 - 237 + 7*b - 7*b**2. What is m(n)?
15
Let u(y) = -6*y**3 - y**3 + 13*y**3 - 7*y**3 - y**2. Calculate u(-2).
4
Suppose 3*w - 9 = 0, -4*n + 2*w - 3*w = -27. Let k be ((-9)/n + 1)*2. Let u(f) = -4*f**3 - 2*f**2 - 2*f - 1. Give u(k).
3
Let t = -660 + 671. Let v(w) = w - 8. Calculate v(t).
3
Let g = 45 - 41. Let h(m) = 40*m + g + m**2 + 5 - 31*m. Calculate h(-8).
1
Let t(s) = -29*s + 13*s + 6*s**2 + 11*s - 4 + 12*s - 7*s**2. Give t(6).
2
Let h(b) be the first derivative of 4*b**3/3 + 3*b**2/2 + 3*b + 135. Determine h(-1).
4
Let f(d) = 7*d**3 + 11*d**2 - 3. Let v(w) = -12*w**3 - 20*w**2 - w + 5. Let t(o) = 7*f(o) + 4*v(o). What is t(-3)?
-43
Let f(k) = -2*k - 1. Let i(a) = 3*a - 6. Let u be i(-5). Let m = u - -19. Determine f(m).
3
Let o(l) = -2*l + 4. Suppose 0 = -5*c + 3*c + 4. Let r be 3*1 - ((-12)/c + 3). Give o(r).
-8
Let g be (3/(-6))/(5/(-20)). Let p(h) = 2*h**2 - 3*h. Let i be p(2). Let m(s) = s**i + 4*s**3 + s + s - 5*s**3 + 1 + 0*s**2. Give m(g).
1
Let l be 1/(-4*(-2)/72). Let w = l - 6. Let x(h) = 4*h**3 + 8*h - 6*h**2 - h**w - 3*h**3 + 6 - h**3. Determine x(-7).
-1
Let b(m) be the second derivative of -m**3/6 - 6*m**2 - m. Let s(t) = -1. Let f(u) = b(u) - 5*s(u). What is f(-5)?
-2
Let b(m) be the third derivative of 0 + 0*m + 2*m**2 + 1/6*m**4 + 1/2*m**3. Let r(z) = -8*z + 38. Let d be r(5). Determine b(d).
-5
Let f(m) be the first derivative of -9*m**2/2 - 4*m - 137. Determine f(3).
-31
Let m be (9 - 0/2)*10. Let u = m - 90. Let i(z) = -z**2 - z + 1. What is i(u)?
1
Let f(q) = 5*q - 17. Suppose -2*n - 2*w + 2 = 0, 0 = 4*n - 2*w - 28 - 0. Calculate f(n).
8
Let v(w) = -3*w**2 + 6*w + 1. Let q(a) = -a - 1. Let o(c) = -2*q(c) - v(c). Determine o(4).
33
Let b = 77 + -77. Let x(l) = -l**2 - l - 5. Calculate x(b).
-5
Let z = 11 - 6. Suppose -z*m + 6 = -4*m. Let r(s) = -s**3 - 8*s**2 - 7 + 2*s**2 + 2*s**3 + 9 - 3*s. Calculate r(m).
-16
Suppose 24*o - 17*o + 7 = 0. Let m(x) be the third derivative of x**6/12 - x**5/60 + 6*x**2. Determine m(o).
-11
Let z = 132 + -125. Let l(g) = g - 10. Determine l(z).
-3
Let a = 8 + -13. Let w(s) be the first derivative of -s**4/12 - s**3/2 + 5*s**2/2 + 18*s + 21. Let t(m) be the first derivative of w(m). Give t(a).
-5
Let s(v) be the first derivative of v**4/2 + 2*v**3 - v**2/2 + 2*v - 303. Determine s(-3).
5
Let h(u) = -u**2 - 7*u + 7. Let i be (-19 - -11)*(-3)/(-4). Determine h(i).
13
Let s = -953 + 947. Let c(n) = 8 - 4*n**2 + 8*n + 4*n**2 + n**2. Give c(s).
-4
Let y(g) = -g**2 + 9*g - 22. Let s(